 151 is divided by k?
41
Suppose 4*s = 38 - 34. Let w = 15 - -8. Calculate the remainder when w is divided by -36*-2*s/6 - -1.
10
Let w be (-15 - 0)*(-36)/45. Suppose 17*l - w*l + 220 = 0. Let o = 71 + l. What is the remainder when 77 is divided by o?
23
Let r = -105 + 125. What is the remainder when 55 is divided by r?
15
Suppose 3*h - 418 = -19*h. Calculate the remainder when 509 is divided by h.
15
Let k be (-2)/(-12) - 253/(-138). Suppose -6 = 3*h, -4*l + 3*h + 90 = -k*h. Suppose -91 - 299 = -5*v. What is the remainder when v is divided by l?
18
Suppose -3*f + 651 = 18. Let d = f + -106. What is the remainder when d is divided by (-1 + 1)/(-4) - -27?
24
Let y(h) = 34*h - 23. Let o = -10 + 29. Calculate the remainder when y(4) is divided by o.
18
Suppose -g + 6 = g. Suppose -f + g*f - 22 = 0. Suppose 15*j - f*j = 116. Calculate the remainder when j is divided by 11.
7
Let b(g) = -g + 1. Let w be b(1). Suppose w = -6*f - 0*f + 114. Calculate the remainder when 74 is divided by f.
17
Suppose -260 = -4*h - h. What is the remainder when 727 is divided by h?
51
Let b be (-3 + (-1 - -3))*-44. Let s = -21 + b. What is the remainder when 1795/20 + (-12)/16 is divided by s?
20
Suppose 2*c + a - 8 = c, -3*c + 3*a + 24 = 0. Suppose 2*m - 43 = -7. Calculate the remainder when m is divided by c.
2
Let p be 8/(-2)*5/4. Let f = p - -38. Let u = -293 - -302. Calculate the remainder when f is divided by u.
6
Let g = 116 + -113. Suppose -3*i + 5*r = -38, 4*i - 41 = 4*r + 23. What is the remainder when i is divided by g?
0
Let r be (0/(-2))/(0 + -2). Suppose -5*w = -r*w. Suppose w = -0*g - g + 49. Calculate the remainder when g is divided by 13.
10
Let c(p) = p - 7. Let u be c(7). Let d = u + 18. Let i(m) = m**3 - 4*m**2 + 3*m - 2. What is the remainder when d is divided by i(4)?
8
What is the remainder when (5/(-5))/((-3 - -7)/(-116)) is divided by 8?
5
Suppose -3*v = -3*f + 1749, 5*v - 619 = -f - 24. Suppose f = 4*z - 5*b, 4*z = -z - 4*b + 721. Calculate the remainder when z is divided by 37.
34
Let g = -20 + 41. Let c = g - 15. What is the remainder when 10 is divided by c?
4
Suppose -3*l + 263 = -52. What is the remainder when l is divided by 6?
3
Suppose 16*c + 29*c - 3780 = 0. Calculate the remainder when c is divided by (-20)/(-1) - 4/(-2).
18
Let j(r) = 11*r**3 + 2*r**2 - 3*r + 2. Let z(g) = 23*g**3 + 4*g**2 - 5*g + 3. Let x(m) = -5*j(m) + 3*z(m). Calculate the remainder when 42 is divided by x(1).
12
Let m = 25 + -15. Suppose -13*f + 10*f = -y - 53, f - y = 17. Calculate the remainder when f is divided by m.
8
Let v(k) = 57*k**3 + 2*k - 2. Calculate the remainder when 121 is divided by v(1).
7
Let q = 7 + -92. Let x(b) = -5*b + 17. What is the remainder when q*((-4)/10)/1 is divided by x(1)?
10
Let t(c) = -c**2 - 34*c + 19. What is the remainder when t(-17) is divided by 13?
9
Suppose 0 = h - 5*y + 6 + 12, -3*y + 22 = 5*h. Suppose -6 = 3*f - 0*f, -3*f = -h*s + 42. Calculate the remainder when 107 is divided by s.
17
Let h = -272 - -119. Let n = h - -158. Calculate the remainder when 11 is divided by n.
1
Suppose 0 = 4*w - 4*y - 52 + 8, 2*w = 5*y + 34. Let c be (-4*2*-1)/1. Suppose 25 = -w*d + c*d. Calculate the remainder when d is divided by 13.
12
Suppose 1038 - 86 = 8*v. What is the remainder when v is divided by 24?
23
Suppose 0 = -6*z + 2*z - 2352. What is the remainder when (3/(-9) + 1)/((-2)/z) is divided by 33?
31
Suppose 29 = a + 4*k, 345*a + 35 = 350*a - 2*k. Suppose 0*b + 3*b = 96. Calculate the remainder when b is divided by a.
5
Suppose 3*h + 2*h = 145. What is the remainder when (-450)/(-8) + (-260)/208 is divided by h?
26
Suppose 2*z + 3*l - 51 = 21, -5*z = 2*l - 191. Calculate the remainder when z is divided by 94/14 - (-6)/21.
4
Suppose 0 = -3*h + 5*h - 86. Suppose 0 = 3*n + z - 378, -22*n = -21*n + 4*z - 137. What is the remainder when n is divided by h?
39
Suppose -86*h + 78*h = -192. What is the remainder when 112 is divided by h?
16
Let v be ((-8)/7)/((-22)/77). Suppose -g - 20 = -5*u, -v*u + 0 = g - 16. Calculate the remainder when 14 is divided by (-1)/(u/84*-3).
0
Let y be 5/((-10 - -6)/4). Suppose -2*k + 6 = 2. Calculate the remainder when (-1578)/(-30) - k/y is divided by 18.
17
Let d = 2 + 0. Suppose 0*g + 188 = 2*p - 2*g, 0 = p - 5*g - 110. What is the remainder when p/(-15)*((-4)/3 + 1) is divided by d?
0
Let q be (-6)/(-33) - 666/33. Let v(a) = a**3 + a**2 - 3*a - 2. Let h be v(3). Let y = q + h. What is the remainder when y is divided by 3?
2
Suppose 0 = -3*g - 2*g - 315. What is the remainder when 171 is divided by (-2754)/g + -1 + 18/14?
39
Suppose 6*b = -3*b + 2*b. Suppose 5*r - 455 = 4*m, b*m = -2*r + m + 179. Calculate the remainder when r is divided by 45.
42
Let s(i) = i**3 - 5*i**2 - 2*i + 9. Calculate the remainder when s(6) is divided by 21.
12
Let x = 14 - 0. What is the remainder when 122 is divided by x?
10
Let u = 32 + -41. Let s = 21 + u. Suppose 4*z = 4*a + 44, -2 = -3*z - 3*a + 7. Calculate the remainder when s is divided by z.
5
Suppose -22 = -2*f + 5*y, 12 + 21 = 3*f + 3*y. Let v(i) = i + 6. Calculate the remainder when f is divided by v(-3).
2
Suppose -52*j + 47*j = -290. What is the remainder when 404 is divided by j?
56
Let m = 8 + -1. Suppose 0 = m*o - 25 - 3. Suppose 4*r - 100 = -r - 5*s, 5*r - 95 = -o*s. What is the remainder when 40 is divided by r?
10
Let h = -82 + 84. Suppose -12 + 34 = h*g. What is the remainder when 49 is divided by g?
5
Let x be (1/(-2))/(3/(-66)). Suppose -x = 4*l - 19. Calculate the remainder when 7 is divided by l.
1
What is the remainder when (-1)/(-14)*94 - (-2)/7 is divided by 4/(-30) - (-310)/75?
3
Let p(o) = -o + 11. Let f be p(10). Suppose -4*x + 3 - f = -2*s, -3*x = 4*s - 18. Calculate the remainder when 4 is divided by x.
0
Suppose 4*h - 4*i + 25 = h, -4*h - i - 8 = 0. Let y be h + (-6)/(0 - -3). Let c = 5 - y. What is the remainder when 37 is divided by c?
7
Suppose -3*u = 4*d - 449, 0 = -5*d - u + 145 + 430. Calculate the remainder when d is divided by 72.
44
Let h be -2 - (8/(-2) - 0). Suppose -h*t - 316 = 2*t. Let y = t + 169. What is the remainder when y is divided by 23?
21
Let h(i) = 3*i + 14. Let c = 51 - 46. Let f(g) = -g**2 + 7*g. Calculate the remainder when h(c) is divided by f(5).
9
Suppose 0 = 33*q - 560 - 727. What is the remainder when 101 is divided by q?
23
Let x = -54 - -143. Calculate the remainder when 171 is divided by x.
82
Let u(p) = 46*p - 129. Calculate the remainder when 322 is divided by u(5).
19
What is the remainder when 346 is divided by (-26)/13 + 65 + -5?
56
Suppose a + a - 12 = 0. Suppose 0 = -2*s + 48 - a. Calculate the remainder when s is divided by 5.
1
Let l(m) = m**3 + 5*m**2 + 2*m + 1. Let n(c) = -c**2 + 10*c - 4. Let j be n(8). Suppose -j = 4*y - y. What is the remainder when l(y) is divided by 6?
3
Suppose 2*u + 61 = -3*g, -44 = 2*g - 0*g + 3*u. Let q = -14 - g. Calculate the remainder when q is divided by 1.
0
Let p = 775 - 73. Calculate the remainder when p is divided by 37.
36
What is the remainder when (656/24)/(2/3 - 0) is divided by 23?
18
Suppose -30*x + k = -29*x - 24, 0 = -4*x + k + 93. What is the remainder when x is divided by 14?
9
Let z = -26 - -36. Calculate the remainder when (-3 + 57)*(0 + (-4)/(-8)) is divided by z.
7
Let w = 1970 + -1954. What is the remainder when (-2)/4 + 186/4 is divided by w?
14
Let x(u) = -5*u - 7. Let d be x(-2). Calculate the remainder when 13 is divided by d - ((3 - 6) + -3 + 2).
6
Let b(x) = -x**3 + 9*x**2 - 8*x - 1. Let h be b(7). Suppose 4*r - h = 55. Let k(n) = -2*n + 28. Calculate the remainder when r is divided by k(7).
10
Let d(g) = -25*g. Let m be (-96)/36*(-6)/8. Suppose m*v - 5*f = -v + 44, 0 = v + 3*f - 10. Calculate the remainder when d(-1) is divided by v.
12
Suppose -4*c = z - 220, -3*z + 0*z = 0. Calculate the remainder when c is divided by (16 + 2 + 1)*1.
17
Let c(o) = o**3 - 3*o**2 - 3*o + 3. Let b be c(4). Suppose k - b = 12. Let f(v) = -35*v - 49. Calculate the remainder when f(-3) is divided by k.
18
Suppose 28*d - 591 - 445 = 0. Calculate the remainder when 1218 is divided by d.
34
Let r = -1518 - -1959. Calculate the remainder when r is divided by 56.
49
What is the remainder when 283 is divided by 40/(-100) + 182/5?
31
Suppose 2*g = -3*l - 31 + 137, -4